units digit of 4424971658?
8
What is the thousands digit of 1622119798?
9
What is the millions digit of 3735136512?
5
What is the ten thousands digit of 115158629?
5
What is the hundred millions digit of 571951502?
5
What is the units digit of 59404315?
5
What is the hundreds digit of 412748596?
5
What is the billions digit of 3814669968?
3
What is the hundred thousands digit of 201793320?
7
What is the hundred thousands digit of 48927326?
9
What is the hundreds digit of 3173570381?
3
What is the hundred millions digit of 848767002?
8
What is the hundreds digit of 1406461201?
2
What is the hundred millions digit of 3154522957?
1
What is the ten millions digit of 69627932?
6
What is the units digit of 416033214?
4
What is the units digit of 21894047?
7
What is the thousands digit of 8890232995?
2
What is the hundred thousands digit of 422658741?
6
What is the thousands digit of 75486602?
6
What is the hundred thousands digit of 2931252145?
2
What is the hundreds digit of 134486558?
5
What is the hundred thousands digit of 276958653?
9
What is the ten millions digit of 131595125?
3
What is the ten millions digit of 55644192?
5
What is the millions digit of 76837421?
6
What is the hundred millions digit of 128343583?
1
What is the millions digit of 334467407?
4
What is the units digit of 726243722?
2
What is the hundreds digit of 1070881?
8
What is the ten millions digit of 3059102499?
5
What is the units digit of 107639570?
0
What is the hundreds digit of 21684844?
8
What is the hundred thousands digit of 28619773?
6
What is the hundreds digit of 77747024?
0
What is the ten millions digit of 238161262?
3
What is the hundred thousands digit of 281332963?
3
What is the thousands digit of 10034210?
4
What is the units digit of 376783654?
4
What is the hundred thousands digit of 228954101?
9
What is the ten thousands digit of 279003566?
0
What is the hundreds digit of 433782825?
8
What is the units digit of 408776757?
7
What is the millions digit of 59207084?
9
What is the units digit of 492600447?
7
What is the hundreds digit of 46129202?
2
What is the tens digit of 48766123?
2
What is the hundreds digit of 735972854?
8
What is the hundreds digit of 592075688?
6
What is the billions digit of 4106713361?
4
What is the units digit of 3556645885?
5
What is the tens digit of 66784566?
6
What is the hundreds digit of 204022981?
9
What is the millions digit of 106235248?
6
What is the thousands digit of 3359068994?
8
What is the millions digit of 14119784?
4
What is the millions digit of 43732273?
3
What is the hundred millions digit of 1785716869?
7
What is the thousands digit of 99448552?
8
What is the hundreds digit of 4383403?
4
What is the hundred millions digit of 457129370?
4
What is the tens digit of 7520147590?
9
What is the millions digit of 1405159981?
5
What is the tens digit of 52108162?
6
What is the hundred millions digit of 1946146436?
9
What is the ten thousands digit of 555105856?
0
What is the thousands digit of 101565881?
5
What is the tens digit of 82952944?
4
What is the hundred millions digit of 300083405?
3
What is the ten millions digit of 399575960?
9
What is the units digit of 115359169?
9
What is the ten thousands digit of 571576911?
7
What is the units digit of 129886862?
2
What is the tens digit of 116385246?
4
What is the tens digit of 5841004266?
6
What is the ten thousands digit of 832436208?
3
What is the thousands digit of 503269711?
9
What is the millions digit of 22373927?
2
What is the billions digit of 1595029324?
1
What is the units digit of 789393449?
9
What is the hundreds digit of 346297131?
1
What is the ten millions digit of 546279856?
4
What is the ten millions digit of 82126462?
8
What is the thousands digit of 614643865?
3
What is the ten millions digit of 323396684?
2
What is the thousands digit of 108735925?
5
What is the ten thousands digit of 1172489753?
8
What is the ten millions digit of 60527825?
6
What is the thousands digit of 261458935?
8
What is the hundred thousands digit of 131659531?
6
What is the ten thousands digit of 79492984?
9
What is the ten millions digit of 769177748?
6
What is the tens digit of 1262960322?
2
What is the hundred thousands digit of 124547530?
5
What is the hundred thousands digit of 196301108?
3
What is the millions digit of 24945470?
4
What is the millions digit of 41240175?
1
What is the ten thousands digit of 283640707?
4
What is the hundred millions digit of 241027074?
2
What is the hundred thousands digit of 59828243?
8
What is the ten thousands digit of 47661981?
6
What is the hundred thousands digit of 38214767?
2
What is the ten millions digit of 106449311?
0
What is the units digit of 39381186?
6
What is the hundred millions digit of 2832264673?
8
What is the hundred thousands digit of 37558642?
5
What is the units digit of 563733915?
5
What is the hundred millions digit of 322927862?
3
What is the units digit of 72416774?
4
What is the ten millions digit of 139958252?
3
What is the units digit of 433495253?
3
What is the millions digit of 86131789?
6
What is the units digit of 716331012?
2
What is the billions digit of 5324447373?
5
What is the hundred thousands digit of 921312360?
3
What is the millions digit of 106518526?
6
What is the hundred millions digit of 508437149?
5
What is the tens digit of 1071181?
8
What is the units digit of 3919823?
3
What is the millions digit of 811858829?
1
What is the ten thousands digit of 2159673593?
7
What is the tens digit of 49665567?
6
What is the thousands digit of 38876982?
6
What is the millions digit of 44334820?
4
What is the hundred millions digit of 2299742628?
2
What is the hundreds digit of 211617883?
8
What is the millions digit of 85130097?
5
What is the ten thousands digit of 496778506?
7
What is the units digit of 75783423?
3
What is the hundreds digit of 618618799?
7
What is the millions digit of 50887497?
0
What is the hundred millions digit of 680129986?
6
What is the hundreds digit of 462776877?
8
What is the hundreds digit of 27861430?
4
What is the thousands digit of 108527767?
7
What is the ten millions digit of 56500923?
5
What is the millions digit of 2757438262?
7
What is the millions digit of 4924371196?
4
What is the hundreds digit of 6715068?
0
What is the ten millions digit of 41468325?
4
What is the ten millions digit of 95447773?
9
What is the millions digit of 3777615576?
7
What is the units digit of 3620004117?
7
What is the thousands digit of 44438841?
8
What is the hundred thousands digit of 2157023208?
0
What is the ten thousands digit of 951281207?
8
What is the millions digit of 1717040267?
7
What is the ten thousands digit of 14814208?
1
What is the ten thousands digit of 539331416?
3
What is the units digit of 1480439246?
6
What is the thousands digit of 2251145613?
5
What is the hundred thousands digit of 20005593?
0
What is the tens digit of 126103945?
4
What is the ten thousands digit of 27798736?
9
What is the hundred millions digit of 3818703354?
8
What is the ten thousands digit of 102363044?
6
What is the units digit of 64918459?
9
What is the units digit of 64963820?
0
What is the thousands digit of 19782038?
2
What is the units digit of 1292838?
8
What is the millions digit of 50859108?
0
What is the hundreds digit of 458052870?
8
What is the hundred thousands digit of 43773825?
7
What is the ten millions digit of 29530872?
2
What is the units digit of 1500621049?
9
What is the tens digit of 1815824045?
4
What is the ten millions digit of 25892241?
2
What is the ten millions digit of 17168006?
1
What is the ten millions digit of 770138651?
7
What is the millions digit of 2384640203?
4
What is the units digit of 256936566?
6
What is the hundreds digit of 52921526?
5
What is the millions digit of 17782906?
7
What is the hundred thousands digit of 163010397?
0
What is the hundred millions digit of 145581701?
1
What is the millions digit of 893321846?
3
What is the tens digit of 89287716?
1
What is the millions digit of 18184810?
8
What is the units digit of 1178494799?
9
What is the units digit of 786278222?
2
What is the units digit of 999190864?
4
What is the millions digit of 1390840726?
0
What is the hundred millions digit of 4387277318?
3
What is the thousands digit